{"id":539,"date":"2022-07-14T20:55:50","date_gmt":"2022-07-14T20:55:50","guid":{"rendered":"https:\/\/damiaoecia.com.br\/?page_id=539"},"modified":"2024-01-31T19:23:51","modified_gmt":"2024-01-31T19:23:51","slug":"um-incrivel-show-de-mimica","status":"publish","type":"page","link":"https:\/\/damiaoecia.com.br\/?page_id=539","title":{"rendered":"Um Incr\u00edvel Show de M\u00edmica"},"content":{"rendered":"\t\t<div data-elementor-type=\"wp-page\" data-elementor-id=\"539\" class=\"elementor elementor-539\">\n\t\t\t\t\t\t<section class=\"elementor-section elementor-top-section elementor-element elementor-element-c65c3f8 elementor-section-boxed elementor-section-height-default elementor-section-height-default\" data-id=\"c65c3f8\" data-element_type=\"section\">\n\t\t\t\t\t\t<div class=\"elementor-container elementor-column-gap-default\">\n\t\t\t\t\t<div class=\"elementor-column elementor-col-100 elementor-top-column elementor-element elementor-element-7b7e5e1\" data-id=\"7b7e5e1\" data-element_type=\"column\">\n\t\t\t<div class=\"elementor-widget-wrap elementor-element-populated\">\n\t\t\t\t\t\t<div class=\"elementor-element elementor-element-0e15a8e elementor-widget elementor-widget-text-editor\" data-id=\"0e15a8e\" data-element_type=\"widget\" data-widget_type=\"text-editor.default\">\n\t\t\t\t<div class=\"elementor-widget-container\">\n\t\t\t<style>\/*! elementor - v3.20.0 - 26-03-2024 *\/\n.elementor-widget-text-editor.elementor-drop-cap-view-stacked .elementor-drop-cap{background-color:#69727d;color:#fff}.elementor-widget-text-editor.elementor-drop-cap-view-framed .elementor-drop-cap{color:#69727d;border:3px solid;background-color:transparent}.elementor-widget-text-editor:not(.elementor-drop-cap-view-default) .elementor-drop-cap{margin-top:8px}.elementor-widget-text-editor:not(.elementor-drop-cap-view-default) .elementor-drop-cap-letter{width:1em;height:1em}.elementor-widget-text-editor .elementor-drop-cap{float:left;text-align:center;line-height:1;font-size:50px}.elementor-widget-text-editor .elementor-drop-cap-letter{display:inline-block}<\/style>\t\t\t\t\t\t\t\t\t\t<\/div>\n\t\t\t\t<\/div>\n\t\t\t\t\t<\/div>\n\t\t<\/div>\n\t\t\t\t\t<\/div>\n\t\t<\/section>\n\t\t\t\t<section class=\"elementor-section elementor-top-section elementor-element elementor-element-6382a48 elementor-section-boxed elementor-section-height-default elementor-section-height-default\" data-id=\"6382a48\" data-element_type=\"section\">\n\t\t\t\t\t\t<div class=\"elementor-container elementor-column-gap-default\">\n\t\t\t\t\t<div class=\"elementor-column elementor-col-50 elementor-top-column elementor-element elementor-element-1794ce6\" data-id=\"1794ce6\" data-element_type=\"column\">\n\t\t\t<div class=\"elementor-widget-wrap elementor-element-populated\">\n\t\t\t\t\t\t<div class=\"elementor-element elementor-element-fff1b9b elementor-widget elementor-widget-image\" data-id=\"fff1b9b\" data-element_type=\"widget\" data-widget_type=\"image.default\">\n\t\t\t\t<div class=\"elementor-widget-container\">\n\t\t\t<style>\/*! elementor - v3.20.0 - 26-03-2024 *\/\n.elementor-widget-image{text-align:center}.elementor-widget-image a{display:inline-block}.elementor-widget-image a img[src$=\".svg\"]{width:48px}.elementor-widget-image img{vertical-align:middle;display:inline-block}<\/style>\t\t\t\t\t\t\t\t\t\t<img fetchpriority=\"high\" decoding=\"async\" width=\"960\" height=\"640\" src=\"https:\/\/damiaoecia.com.br\/wp-content\/uploads\/2024\/01\/GABTORFILMS-4-Cro-Um-incrivel-show-de-mimica-1024x683.jpg\" class=\"attachment-large size-large wp-image-883\" alt=\"\" srcset=\"https:\/\/damiaoecia.com.br\/wp-content\/uploads\/2024\/01\/GABTORFILMS-4-Cro-Um-incrivel-show-de-mimica-1024x683.jpg 1024w, https:\/\/damiaoecia.com.br\/wp-content\/uploads\/2024\/01\/GABTORFILMS-4-Cro-Um-incrivel-show-de-mimica-300x200.jpg 300w, https:\/\/damiaoecia.com.br\/wp-content\/uploads\/2024\/01\/GABTORFILMS-4-Cro-Um-incrivel-show-de-mimica-768x512.jpg 768w, https:\/\/damiaoecia.com.br\/wp-content\/uploads\/2024\/01\/GABTORFILMS-4-Cro-Um-incrivel-show-de-mimica-1536x1024.jpg 1536w, https:\/\/damiaoecia.com.br\/wp-content\/uploads\/2024\/01\/GABTORFILMS-4-Cro-Um-incrivel-show-de-mimica-2048x1365.jpg 2048w, https:\/\/damiaoecia.com.br\/wp-content\/uploads\/2024\/01\/GABTORFILMS-4-Cro-Um-incrivel-show-de-mimica-1140x760.jpg 1140w\" sizes=\"(max-width: 960px) 100vw, 960px\" \/>\t\t\t\t\t\t\t\t\t\t\t\t\t<\/div>\n\t\t\t\t<\/div>\n\t\t\t\t\t<\/div>\n\t\t<\/div>\n\t\t\t\t<div class=\"elementor-column elementor-col-50 elementor-top-column elementor-element elementor-element-086c24f\" data-id=\"086c24f\" data-element_type=\"column\">\n\t\t\t<div class=\"elementor-widget-wrap elementor-element-populated\">\n\t\t\t\t\t\t<div class=\"elementor-element elementor-element-fed1653 elementor-widget elementor-widget-image\" data-id=\"fed1653\" data-element_type=\"widget\" data-widget_type=\"image.default\">\n\t\t\t\t<div class=\"elementor-widget-container\">\n\t\t\t\t\t\t\t\t\t\t\t\t\t<img decoding=\"async\" width=\"960\" height=\"640\" src=\"https:\/\/damiaoecia.com.br\/wp-content\/uploads\/2024\/01\/GABTORFILMS-5-Cro-Um-incrivel-show-de-mimica-1024x683.jpg\" class=\"attachment-large size-large wp-image-884\" alt=\"\" srcset=\"https:\/\/damiaoecia.com.br\/wp-content\/uploads\/2024\/01\/GABTORFILMS-5-Cro-Um-incrivel-show-de-mimica-1024x683.jpg 1024w, https:\/\/damiaoecia.com.br\/wp-content\/uploads\/2024\/01\/GABTORFILMS-5-Cro-Um-incrivel-show-de-mimica-300x200.jpg 300w, https:\/\/damiaoecia.com.br\/wp-content\/uploads\/2024\/01\/GABTORFILMS-5-Cro-Um-incrivel-show-de-mimica-768x512.jpg 768w, https:\/\/damiaoecia.com.br\/wp-content\/uploads\/2024\/01\/GABTORFILMS-5-Cro-Um-incrivel-show-de-mimica-1536x1024.jpg 1536w, https:\/\/damiaoecia.com.br\/wp-content\/uploads\/2024\/01\/GABTORFILMS-5-Cro-Um-incrivel-show-de-mimica-2048x1365.jpg 2048w, https:\/\/damiaoecia.com.br\/wp-content\/uploads\/2024\/01\/GABTORFILMS-5-Cro-Um-incrivel-show-de-mimica-1140x760.jpg 1140w\" sizes=\"(max-width: 960px) 100vw, 960px\" \/>\t\t\t\t\t\t\t\t\t\t\t\t\t<\/div>\n\t\t\t\t<\/div>\n\t\t\t\t\t<\/div>\n\t\t<\/div>\n\t\t\t\t\t<\/div>\n\t\t<\/section>\n\t\t\t\t<section class=\"elementor-section elementor-top-section elementor-element elementor-element-a87c1e8 elementor-section-boxed elementor-section-height-default elementor-section-height-default\" data-id=\"a87c1e8\" data-element_type=\"section\">\n\t\t\t\t\t\t<div class=\"elementor-container elementor-column-gap-default\">\n\t\t\t\t\t<div class=\"elementor-column elementor-col-100 elementor-top-column elementor-element elementor-element-cc511ef\" data-id=\"cc511ef\" data-element_type=\"column\">\n\t\t\t<div class=\"elementor-widget-wrap elementor-element-populated\">\n\t\t\t\t\t\t<div class=\"elementor-element elementor-element-68ad48e elementor-widget elementor-widget-text-editor\" data-id=\"68ad48e\" data-element_type=\"widget\" data-widget_type=\"text-editor.default\">\n\t\t\t\t<div class=\"elementor-widget-container\">\n\t\t\t\t\t\t\t<h6><strong>Ficha T\u00e9cnica<\/strong><\/h6><p><span style=\"font-weight: 400;\"><strong>Dire\u00e7\u00e3o e atua\u00e7\u00e3o:<\/strong> Rodrigo Nasser<\/span><\/p><p><strong>Figurino:<\/strong> Lara Prado<\/p><p><span style=\"font-weight: 400;\"><strong>Opera\u00e7\u00e3o de som e voz em off:<\/strong> Fernanda Nunes<\/span><\/p><h6><strong>Sinopse<\/strong><\/h6><p><span style=\"font-weight: 400;\">O m\u00edmico Rodrigo Nasser, da Dami\u00e3o e Cia, apresenta ao p\u00fablico uma s\u00e9rie de divertidas esquetes originais. Risos, reflex\u00f5es e uma pitada de humor non-sense s\u00e3o reunidos em um espet\u00e1culo para toda a fam\u00edlia. Em \u201cUm Incr\u00edvel Show de M\u00edmica\u201d, a arte do gesto \u00e9 a que fala mais alto, compondo diante da plateia imagens com muitos sorrisos e, quem sabe, uma l\u00e1grima.<\/span><\/p><p><strong>Dura\u00e7\u00e3o:<\/strong> 50 minutos<br \/><strong>Classifica\u00e7\u00e3o indicativa:<\/strong> livre<br \/><strong>Formato:<\/strong> palco, espa\u00e7o alternativo<\/p>\t\t\t\t\t\t<\/div>\n\t\t\t\t<\/div>\n\t\t\t\t\t<\/div>\n\t\t<\/div>\n\t\t\t\t\t<\/div>\n\t\t<\/section>\n\t\t\t\t<section class=\"elementor-section elementor-top-section elementor-element elementor-element-29cf5e3 elementor-section-boxed elementor-section-height-default elementor-section-height-default\" data-id=\"29cf5e3\" data-element_type=\"section\">\n\t\t\t\t\t\t<div class=\"elementor-container elementor-column-gap-default\">\n\t\t\t\t\t<div class=\"elementor-column elementor-col-100 elementor-top-column elementor-element elementor-element-9a8c79b\" data-id=\"9a8c79b\" data-element_type=\"column\">\n\t\t\t<div class=\"elementor-widget-wrap elementor-element-populated\">\n\t\t\t\t\t\t<div class=\"elementor-element elementor-element-f843298 elementor-widget elementor-widget-text-editor\" data-id=\"f843298\" data-element_type=\"widget\" data-widget_type=\"text-editor.default\">\n\t\t\t\t<div class=\"elementor-widget-container\">\n\t\t\t\t\t\t\t<pre>Fotografias: Gabriel Vitor<\/pre>\t\t\t\t\t\t<\/div>\n\t\t\t\t<\/div>\n\t\t\t\t\t<\/div>\n\t\t<\/div>\n\t\t\t\t\t<\/div>\n\t\t<\/section>\n\t\t\t\t<\/div>\n\t\t","protected":false},"excerpt":{"rendered":"<p>Ficha T\u00e9cnica Dire\u00e7\u00e3o e atua\u00e7\u00e3o: Rodrigo Nasser Figurino: Lara Prado Opera\u00e7\u00e3o de som e voz em off: Fernanda Nunes Sinopse O m\u00edmico Rodrigo Nasser, da Dami\u00e3o e Cia, apresenta ao p\u00fablico uma s\u00e9rie de divertidas esquetes originais. Risos, reflex\u00f5es e uma pitada de humor non-sense s\u00e3o reunidos em um espet\u00e1culo para toda a fam\u00edlia. Em \u201cUm Incr\u00edvel Show de M\u00edmica\u201d, a arte do gesto \u00e9 a que fala mais alto, compondo diante da plateia imagens com muitos sorrisos e, quem sabe, uma l\u00e1grima. Dura\u00e7\u00e3o: 50 minutosClassifica\u00e7\u00e3o indicativa: livreFormato: palco, espa\u00e7o alternativo Fotografias: Gabriel Vitor<\/p>\n","protected":false},"author":1,"featured_media":0,"parent":0,"menu_order":0,"comment_status":"closed","ping_status":"closed","template":"","meta":{"om_disable_all_campaigns":false,"_monsterinsights_skip_tracking":false,"_monsterinsights_sitenote_active":false,"_monsterinsights_sitenote_note":"","_monsterinsights_sitenote_category":0,"footnotes":""},"class_list":["post-539","page","type-page","status-publish","hentry"],"aioseo_notices":[],"_links":{"self":[{"href":"https:\/\/damiaoecia.com.br\/index.php?rest_route=\/wp\/v2\/pages\/539","targetHints":{"allow":["GET"]}}],"collection":[{"href":"https:\/\/damiaoecia.com.br\/index.php?rest_route=\/wp\/v2\/pages"}],"about":[{"href":"https:\/\/damiaoecia.com.br\/index.php?rest_route=\/wp\/v2\/types\/page"}],"author":[{"embeddable":true,"href":"https:\/\/damiaoecia.com.br\/index.php?rest_route=\/wp\/v2\/users\/1"}],"replies":[{"embeddable":true,"href":"https:\/\/damiaoecia.com.br\/index.php?rest_route=%2Fwp%2Fv2%2Fcomments&post=539"}],"version-history":[{"count":22,"href":"https:\/\/damiaoecia.com.br\/index.php?rest_route=\/wp\/v2\/pages\/539\/revisions"}],"predecessor-version":[{"id":887,"href":"https:\/\/damiaoecia.com.br\/index.php?rest_route=\/wp\/v2\/pages\/539\/revisions\/887"}],"wp:attachment":[{"href":"https:\/\/damiaoecia.com.br\/index.php?rest_route=%2Fwp%2Fv2%2Fmedia&parent=539"}],"curies":[{"name":"wp","href":"https:\/\/api.w.org\/{rel}","templated":true}]}}