{"id":623,"date":"2022-07-15T19:53:57","date_gmt":"2022-07-15T19:53:57","guid":{"rendered":"https:\/\/damiaoecia.com.br\/?page_id=623"},"modified":"2022-07-16T15:50:56","modified_gmt":"2022-07-16T15:50:56","slug":"outros-projetos","status":"publish","type":"page","link":"https:\/\/damiaoecia.com.br\/?page_id=623","title":{"rendered":"Outros Projetos"},"content":{"rendered":"\t\t<div data-elementor-type=\"wp-page\" data-elementor-id=\"623\" class=\"elementor elementor-623\">\n\t\t\t\t\t\t<section class=\"elementor-section elementor-top-section elementor-element elementor-element-f5d6202 elementor-section-boxed elementor-section-height-default elementor-section-height-default\" data-id=\"f5d6202\" data-element_type=\"section\">\n\t\t\t\t\t\t<div class=\"elementor-container elementor-column-gap-default\">\n\t\t\t\t\t<div class=\"elementor-column elementor-col-100 elementor-top-column elementor-element elementor-element-a4ee1f1\" data-id=\"a4ee1f1\" data-element_type=\"column\">\n\t\t\t<div class=\"elementor-widget-wrap elementor-element-populated\">\n\t\t\t\t\t\t<div class=\"elementor-element elementor-element-ab6369a elementor-widget elementor-widget-spacer\" data-id=\"ab6369a\" data-element_type=\"widget\" data-widget_type=\"spacer.default\">\n\t\t\t\t<div class=\"elementor-widget-container\">\n\t\t\t<style>\/*! elementor - v3.20.0 - 26-03-2024 *\/\n.elementor-column .elementor-spacer-inner{height:var(--spacer-size)}.e-con{--container-widget-width:100%}.e-con-inner>.elementor-widget-spacer,.e-con>.elementor-widget-spacer{width:var(--container-widget-width,var(--spacer-size));--align-self:var(--container-widget-align-self,initial);--flex-shrink:0}.e-con-inner>.elementor-widget-spacer>.elementor-widget-container,.e-con>.elementor-widget-spacer>.elementor-widget-container{height:100%;width:100%}.e-con-inner>.elementor-widget-spacer>.elementor-widget-container>.elementor-spacer,.e-con>.elementor-widget-spacer>.elementor-widget-container>.elementor-spacer{height:100%}.e-con-inner>.elementor-widget-spacer>.elementor-widget-container>.elementor-spacer>.elementor-spacer-inner,.e-con>.elementor-widget-spacer>.elementor-widget-container>.elementor-spacer>.elementor-spacer-inner{height:var(--container-widget-height,var(--spacer-size))}.e-con-inner>.elementor-widget-spacer.elementor-widget-empty,.e-con>.elementor-widget-spacer.elementor-widget-empty{position:relative;min-height:22px;min-width:22px}.e-con-inner>.elementor-widget-spacer.elementor-widget-empty .elementor-widget-empty-icon,.e-con>.elementor-widget-spacer.elementor-widget-empty .elementor-widget-empty-icon{position:absolute;top:0;bottom:0;left:0;right:0;margin:auto;padding:0;width:22px;height:22px}<\/style>\t\t<div class=\"elementor-spacer\">\n\t\t\t<div class=\"elementor-spacer-inner\"><\/div>\n\t\t<\/div>\n\t\t\t\t<\/div>\n\t\t\t\t<\/div>\n\t\t\t\t\t<\/div>\n\t\t<\/div>\n\t\t\t\t\t<\/div>\n\t\t<\/section>\n\t\t\t\t<section class=\"elementor-section elementor-top-section elementor-element elementor-element-ef1b697 elementor-section-boxed elementor-section-height-default elementor-section-height-default\" data-id=\"ef1b697\" data-element_type=\"section\">\n\t\t\t\t\t\t<div class=\"elementor-container elementor-column-gap-default\">\n\t\t\t\t\t<div class=\"elementor-column elementor-col-100 elementor-top-column elementor-element elementor-element-3d8d56f\" data-id=\"3d8d56f\" data-element_type=\"column\">\n\t\t\t<div class=\"elementor-widget-wrap elementor-element-populated\">\n\t\t\t\t\t\t<div class=\"elementor-element elementor-element-27914f3 elementor-widget elementor-widget-heading\" data-id=\"27914f3\" data-element_type=\"widget\" data-widget_type=\"heading.default\">\n\t\t\t\t<div class=\"elementor-widget-container\">\n\t\t\t<style>\/*! elementor - v3.20.0 - 26-03-2024 *\/\n.elementor-heading-title{padding:0;margin:0;line-height:1}.elementor-widget-heading .elementor-heading-title[class*=elementor-size-]>a{color:inherit;font-size:inherit;line-height:inherit}.elementor-widget-heading .elementor-heading-title.elementor-size-small{font-size:15px}.elementor-widget-heading .elementor-heading-title.elementor-size-medium{font-size:19px}.elementor-widget-heading .elementor-heading-title.elementor-size-large{font-size:29px}.elementor-widget-heading .elementor-heading-title.elementor-size-xl{font-size:39px}.elementor-widget-heading .elementor-heading-title.elementor-size-xxl{font-size:59px}<\/style><h3 class=\"elementor-heading-title elementor-size-default\"><a href=\"https:\/\/youtube.com\/playlist?list=PLyBy9PMLUOSrzHjZhLlNvzScWBqCfE-U9\" target=\"_blank\">Brigite e Begonia na quarentona<\/a><\/h3>\t\t<\/div>\n\t\t\t\t<\/div>\n\t\t\t\t\t<\/div>\n\t\t<\/div>\n\t\t\t\t\t<\/div>\n\t\t<\/section>\n\t\t\t\t<section class=\"elementor-section elementor-top-section elementor-element elementor-element-e394bc4 elementor-section-boxed elementor-section-height-default elementor-section-height-default\" data-id=\"e394bc4\" data-element_type=\"section\">\n\t\t\t\t\t\t<div class=\"elementor-container elementor-column-gap-default\">\n\t\t\t\t\t<div class=\"elementor-column elementor-col-50 elementor-top-column elementor-element elementor-element-545a132\" data-id=\"545a132\" data-element_type=\"column\">\n\t\t\t<div class=\"elementor-widget-wrap elementor-element-populated\">\n\t\t\t\t\t\t<div class=\"elementor-element elementor-element-4b48b2d elementor-widget elementor-widget-image\" data-id=\"4b48b2d\" data-element_type=\"widget\" data-widget_type=\"image.default\">\n\t\t\t\t<div class=\"elementor-widget-container\">\n\t\t\t<style>\/*! elementor - v3.20.0 - 26-03-2024 *\/\n.elementor-widget-image{text-align:center}.elementor-widget-image a{display:inline-block}.elementor-widget-image a img[src$=\".svg\"]{width:48px}.elementor-widget-image img{vertical-align:middle;display:inline-block}<\/style>\t\t\t\t\t\t\t\t\t\t\t<a href=\"https:\/\/youtube.com\/playlist?list=PLyBy9PMLUOSrzHjZhLlNvzScWBqCfE-U9\" target=\"_blank\">\n\t\t\t\t\t\t\t<img fetchpriority=\"high\" decoding=\"async\" width=\"960\" height=\"640\" src=\"https:\/\/damiaoecia.com.br\/wp-content\/uploads\/2022\/07\/bri-e-be.png\" class=\"attachment-large size-large wp-image-633\" alt=\"\" srcset=\"https:\/\/damiaoecia.com.br\/wp-content\/uploads\/2022\/07\/bri-e-be.png 1000w, https:\/\/damiaoecia.com.br\/wp-content\/uploads\/2022\/07\/bri-e-be-300x200.png 300w, https:\/\/damiaoecia.com.br\/wp-content\/uploads\/2022\/07\/bri-e-be-768x512.png 768w\" sizes=\"(max-width: 960px) 100vw, 960px\" \/>\t\t\t\t\t\t\t\t<\/a>\n\t\t\t\t\t\t\t\t\t\t\t\t\t<\/div>\n\t\t\t\t<\/div>\n\t\t\t\t\t<\/div>\n\t\t<\/div>\n\t\t\t\t<div class=\"elementor-column elementor-col-50 elementor-top-column elementor-element elementor-element-7b3e2f9\" data-id=\"7b3e2f9\" data-element_type=\"column\">\n\t\t\t<div class=\"elementor-widget-wrap elementor-element-populated\">\n\t\t\t\t\t\t<div class=\"elementor-element elementor-element-5022d36 elementor-widget elementor-widget-text-editor\" data-id=\"5022d36\" data-element_type=\"widget\" data-widget_type=\"text-editor.default\">\n\t\t\t\t<div class=\"elementor-widget-container\">\n\t\t\t<style>\/*! elementor - v3.20.0 - 26-03-2024 *\/\n.elementor-widget-text-editor.elementor-drop-cap-view-stacked .elementor-drop-cap{background-color:#69727d;color:#fff}.elementor-widget-text-editor.elementor-drop-cap-view-framed .elementor-drop-cap{color:#69727d;border:3px solid;background-color:transparent}.elementor-widget-text-editor:not(.elementor-drop-cap-view-default) .elementor-drop-cap{margin-top:8px}.elementor-widget-text-editor:not(.elementor-drop-cap-view-default) .elementor-drop-cap-letter{width:1em;height:1em}.elementor-widget-text-editor .elementor-drop-cap{float:left;text-align:center;line-height:1;font-size:50px}.elementor-widget-text-editor .elementor-drop-cap-letter{display:inline-block}<\/style>\t\t\t\t<p>Durante a pandemia, o grupo produziu uma s\u00e9rie de v\u00eddeos sobre o dia-a-dia das palha\u00e7as Brigite e Begonia no ensino a dist\u00e2ncia. Para matar a saudades, a dupla fazia liga\u00e7\u00f5es de v\u00eddeo e contavam um pouco da sua rotina longe da escola e dos amigos. A s\u00e9rie est\u00e1 dispon\u00edvel no canal de Youtube da companhia.\u00a0<\/p><p><strong><a title=\"Assista agora\" href=\"https:\/\/youtube.com\/playlist?list=PLyBy9PMLUOSrzHjZhLlNvzScWBqCfE-U9\" target=\"_blank\" rel=\"noopener\">Assista agora<\/a><\/strong><\/p>\t\t\t\t\t\t<\/div>\n\t\t\t\t<\/div>\n\t\t\t\t\t<\/div>\n\t\t<\/div>\n\t\t\t\t\t<\/div>\n\t\t<\/section>\n\t\t\t\t<section class=\"elementor-section elementor-top-section elementor-element elementor-element-ed5b7b8 elementor-section-boxed elementor-section-height-default elementor-section-height-default\" data-id=\"ed5b7b8\" data-element_type=\"section\">\n\t\t\t\t\t\t<div class=\"elementor-container elementor-column-gap-default\">\n\t\t\t\t\t<div class=\"elementor-column elementor-col-100 elementor-top-column elementor-element elementor-element-c695029\" data-id=\"c695029\" data-element_type=\"column\">\n\t\t\t<div class=\"elementor-widget-wrap elementor-element-populated\">\n\t\t\t\t\t\t<div class=\"elementor-element elementor-element-0c1805e elementor-widget elementor-widget-spacer\" data-id=\"0c1805e\" data-element_type=\"widget\" data-widget_type=\"spacer.default\">\n\t\t\t\t<div class=\"elementor-widget-container\">\n\t\t\t\t\t<div class=\"elementor-spacer\">\n\t\t\t<div class=\"elementor-spacer-inner\"><\/div>\n\t\t<\/div>\n\t\t\t\t<\/div>\n\t\t\t\t<\/div>\n\t\t\t\t\t<\/div>\n\t\t<\/div>\n\t\t\t\t\t<\/div>\n\t\t<\/section>\n\t\t\t\t<section class=\"elementor-section elementor-top-section elementor-element elementor-element-426df92 elementor-section-boxed elementor-section-height-default elementor-section-height-default\" data-id=\"426df92\" data-element_type=\"section\">\n\t\t\t\t\t\t<div class=\"elementor-container elementor-column-gap-default\">\n\t\t\t\t\t<div class=\"elementor-column elementor-col-100 elementor-top-column elementor-element elementor-element-b9ffabe\" data-id=\"b9ffabe\" data-element_type=\"column\">\n\t\t\t<div class=\"elementor-widget-wrap elementor-element-populated\">\n\t\t\t\t\t\t<div class=\"elementor-element elementor-element-7a632c6 elementor-widget elementor-widget-heading\" data-id=\"7a632c6\" data-element_type=\"widget\" data-widget_type=\"heading.default\">\n\t\t\t\t<div class=\"elementor-widget-container\">\n\t\t\t<h3 class=\"elementor-heading-title elementor-size-default\">Parcerias<\/h3>\t\t<\/div>\n\t\t\t\t<\/div>\n\t\t\t\t\t<\/div>\n\t\t<\/div>\n\t\t\t\t\t<\/div>\n\t\t<\/section>\n\t\t\t\t<section class=\"elementor-section elementor-top-section elementor-element elementor-element-d409b6b elementor-section-boxed elementor-section-height-default elementor-section-height-default\" data-id=\"d409b6b\" data-element_type=\"section\">\n\t\t\t\t\t\t<div class=\"elementor-container elementor-column-gap-default\">\n\t\t\t\t\t<div class=\"elementor-column elementor-col-50 elementor-top-column elementor-element elementor-element-0337b15\" data-id=\"0337b15\" data-element_type=\"column\">\n\t\t\t<div class=\"elementor-widget-wrap elementor-element-populated\">\n\t\t\t\t\t\t<div class=\"elementor-element elementor-element-b0352e6 elementor-widget elementor-widget-image\" data-id=\"b0352e6\" data-element_type=\"widget\" data-widget_type=\"image.default\">\n\t\t\t\t<div class=\"elementor-widget-container\">\n\t\t\t\t\t\t\t\t\t\t\t\t\t\t<a href=\"https:\/\/circodebonecos.com.br\/\" target=\"_blank\">\n\t\t\t\t\t\t\t<img decoding=\"async\" width=\"960\" height=\"720\" src=\"https:\/\/damiaoecia.com.br\/wp-content\/uploads\/2022\/07\/WhatsApp-Image-2022-01-07-at-20.46.14.jpeg\" class=\"attachment-large size-large wp-image-631\" alt=\"\" srcset=\"https:\/\/damiaoecia.com.br\/wp-content\/uploads\/2022\/07\/WhatsApp-Image-2022-01-07-at-20.46.14.jpeg 1024w, https:\/\/damiaoecia.com.br\/wp-content\/uploads\/2022\/07\/WhatsApp-Image-2022-01-07-at-20.46.14-300x225.jpeg 300w, https:\/\/damiaoecia.com.br\/wp-content\/uploads\/2022\/07\/WhatsApp-Image-2022-01-07-at-20.46.14-768x576.jpeg 768w\" sizes=\"(max-width: 960px) 100vw, 960px\" \/>\t\t\t\t\t\t\t\t<\/a>\n\t\t\t\t\t\t\t\t\t\t\t\t\t<\/div>\n\t\t\t\t<\/div>\n\t\t\t\t\t<\/div>\n\t\t<\/div>\n\t\t\t\t<div class=\"elementor-column elementor-col-50 elementor-top-column elementor-element elementor-element-7da6ff5\" data-id=\"7da6ff5\" data-element_type=\"column\">\n\t\t\t<div class=\"elementor-widget-wrap elementor-element-populated\">\n\t\t\t\t\t\t<div class=\"elementor-element elementor-element-368ce4c elementor-widget elementor-widget-text-editor\" data-id=\"368ce4c\" data-element_type=\"widget\" data-widget_type=\"text-editor.default\">\n\t\t\t\t<div class=\"elementor-widget-container\">\n\t\t\t\t\t\t\t<h6><strong>Cia Circo de Bonecos<\/strong><\/h6><h6>Lolo Barnab\u00e9<\/h6><p>Adapta\u00e7\u00e3o do livro de Eva Furnari, conta a hist\u00f3ria de uma fam\u00edlia muito criativa e inteligente para debater sobre o consumo consciente.<\/p><h6>Circo de Coisas<\/h6><p>Uma hist\u00f3rias de dois palha\u00e7os que chegam para montar um pequeno circo de coisas, no qual os artistas s\u00e3o objetos.<\/p><p><strong><a title=\"Saiba mais\" href=\"https:\/\/circodebonecos.com.br\/\" target=\"_blank\" rel=\"noopener\">Saiba mais<\/a><\/strong><\/p>\t\t\t\t\t\t<\/div>\n\t\t\t\t<\/div>\n\t\t\t\t\t<\/div>\n\t\t<\/div>\n\t\t\t\t\t<\/div>\n\t\t<\/section>\n\t\t\t\t<section class=\"elementor-section elementor-top-section elementor-element elementor-element-2bf403e elementor-section-boxed elementor-section-height-default elementor-section-height-default\" data-id=\"2bf403e\" data-element_type=\"section\">\n\t\t\t\t\t\t<div class=\"elementor-container elementor-column-gap-default\">\n\t\t\t\t\t<div class=\"elementor-column elementor-col-100 elementor-top-column elementor-element elementor-element-569f4d4\" data-id=\"569f4d4\" data-element_type=\"column\">\n\t\t\t<div class=\"elementor-widget-wrap elementor-element-populated\">\n\t\t\t\t\t\t<div class=\"elementor-element elementor-element-343bf15 elementor-widget elementor-widget-spacer\" data-id=\"343bf15\" data-element_type=\"widget\" data-widget_type=\"spacer.default\">\n\t\t\t\t<div class=\"elementor-widget-container\">\n\t\t\t\t\t<div class=\"elementor-spacer\">\n\t\t\t<div class=\"elementor-spacer-inner\"><\/div>\n\t\t<\/div>\n\t\t\t\t<\/div>\n\t\t\t\t<\/div>\n\t\t\t\t\t<\/div>\n\t\t<\/div>\n\t\t\t\t\t<\/div>\n\t\t<\/section>\n\t\t\t\t<section class=\"elementor-section elementor-top-section elementor-element elementor-element-032040d elementor-section-boxed elementor-section-height-default elementor-section-height-default\" data-id=\"032040d\" data-element_type=\"section\">\n\t\t\t\t\t\t<div class=\"elementor-container elementor-column-gap-default\">\n\t\t\t\t\t<div class=\"elementor-column elementor-col-50 elementor-top-column elementor-element elementor-element-0470a2f\" data-id=\"0470a2f\" data-element_type=\"column\">\n\t\t\t<div class=\"elementor-widget-wrap elementor-element-populated\">\n\t\t\t\t\t\t<div class=\"elementor-element elementor-element-78b6e5c elementor-widget elementor-widget-image\" data-id=\"78b6e5c\" data-element_type=\"widget\" data-widget_type=\"image.default\">\n\t\t\t\t<div class=\"elementor-widget-container\">\n\t\t\t\t\t\t\t\t\t\t\t\t\t\t<a href=\"http:\/\/www.circocaramba.com.br\/\" target=\"_blank\">\n\t\t\t\t\t\t\t<img decoding=\"async\" width=\"960\" height=\"640\" src=\"https:\/\/damiaoecia.com.br\/wp-content\/uploads\/2022\/07\/20220528_grancirquebrado_fotoninapires-5-1024x683.jpg\" class=\"attachment-large size-large wp-image-632\" alt=\"\" srcset=\"https:\/\/damiaoecia.com.br\/wp-content\/uploads\/2022\/07\/20220528_grancirquebrado_fotoninapires-5-1024x683.jpg 1024w, https:\/\/damiaoecia.com.br\/wp-content\/uploads\/2022\/07\/20220528_grancirquebrado_fotoninapires-5-300x200.jpg 300w, https:\/\/damiaoecia.com.br\/wp-content\/uploads\/2022\/07\/20220528_grancirquebrado_fotoninapires-5-768x512.jpg 768w, https:\/\/damiaoecia.com.br\/wp-content\/uploads\/2022\/07\/20220528_grancirquebrado_fotoninapires-5-1536x1024.jpg 1536w, https:\/\/damiaoecia.com.br\/wp-content\/uploads\/2022\/07\/20220528_grancirquebrado_fotoninapires-5-2048x1365.jpg 2048w, https:\/\/damiaoecia.com.br\/wp-content\/uploads\/2022\/07\/20220528_grancirquebrado_fotoninapires-5-1140x760.jpg 1140w\" sizes=\"(max-width: 960px) 100vw, 960px\" \/>\t\t\t\t\t\t\t\t<\/a>\n\t\t\t\t\t\t\t\t\t\t\t\t\t<\/div>\n\t\t\t\t<\/div>\n\t\t\t\t\t<\/div>\n\t\t<\/div>\n\t\t\t\t<div class=\"elementor-column elementor-col-50 elementor-top-column elementor-element elementor-element-df4299b\" data-id=\"df4299b\" data-element_type=\"column\">\n\t\t\t<div class=\"elementor-widget-wrap elementor-element-populated\">\n\t\t\t\t\t\t<div class=\"elementor-element elementor-element-fa91152 elementor-widget elementor-widget-text-editor\" data-id=\"fa91152\" data-element_type=\"widget\" data-widget_type=\"text-editor.default\">\n\t\t\t\t<div class=\"elementor-widget-container\">\n\t\t\t\t\t\t\t<h6><strong>Circo Caramba<\/strong><\/h6><h6>Gran Cirque Brado<\/h6><p>O \u201cGran Cirque Brado\u201d \u00e9 um circo que quase fez muito sucesso, mas atualmente encontra-se fracassado e abandonado pelo p\u00fablico. Da antiga trupe, sobrou apenas um trio de palha\u00e7os que ali permanece sonhando em voltar a ver a plateia lotada. Em um certo dia, para a total surpresa dos irm\u00e3os, o p\u00fablico retorna.<\/p><p><strong><a title=\"Saiba mais\" href=\"http:\/\/www.circocaramba.com.br\/\" target=\"_blank\" rel=\"noopener\">Saiba mais<\/a><\/strong><\/p>\t\t\t\t\t\t<\/div>\n\t\t\t\t<\/div>\n\t\t\t\t\t<\/div>\n\t\t<\/div>\n\t\t\t\t\t<\/div>\n\t\t<\/section>\n\t\t\t\t<\/div>\n\t\t","protected":false},"excerpt":{"rendered":"<p>Brigite e Begonia na quarentona Durante a pandemia, o grupo produziu uma s\u00e9rie de v\u00eddeos sobre o dia-a-dia das palha\u00e7as Brigite e Begonia no ensino a dist\u00e2ncia. Para matar a saudades, a dupla fazia liga\u00e7\u00f5es de v\u00eddeo e contavam um pouco da sua rotina longe da escola e dos amigos. A s\u00e9rie est\u00e1 dispon\u00edvel no canal de Youtube da companhia.\u00a0 Assista agora Parcerias Cia Circo de Bonecos Lolo Barnab\u00e9 Adapta\u00e7\u00e3o do livro de Eva Furnari, conta a hist\u00f3ria de uma fam\u00edlia muito criativa e inteligente para debater sobre o consumo consciente. Circo de Coisas Uma hist\u00f3rias de dois palha\u00e7os que chegam para montar um pequeno circo de coisas, no qual os artistas s\u00e3o objetos. Saiba mais Circo Caramba Gran Cirque Brado O \u201cGran Cirque Brado\u201d \u00e9 um circo que quase fez muito sucesso, mas atualmente encontra-se fracassado e abandonado pelo p\u00fablico. Da antiga trupe, sobrou apenas um trio de palha\u00e7os que ali permanece sonhando em voltar a ver a plateia lotada. Em um certo dia, para a total surpresa dos irm\u00e3os, o p\u00fablico retorna. Saiba mais<\/p>\n","protected":false},"author":1,"featured_media":0,"parent":0,"menu_order":0,"comment_status":"closed","ping_status":"closed","template":"","meta":{"om_disable_all_campaigns":false,"_monsterinsights_skip_tracking":false,"_monsterinsights_sitenote_active":false,"_monsterinsights_sitenote_note":"","_monsterinsights_sitenote_category":0,"footnotes":""},"class_list":["post-623","page","type-page","status-publish","hentry"],"aioseo_notices":[],"_links":{"self":[{"href":"https:\/\/damiaoecia.com.br\/index.php?rest_route=\/wp\/v2\/pages\/623","targetHints":{"allow":["GET"]}}],"collection":[{"href":"https:\/\/damiaoecia.com.br\/index.php?rest_route=\/wp\/v2\/pages"}],"about":[{"href":"https:\/\/damiaoecia.com.br\/index.php?rest_route=\/wp\/v2\/types\/page"}],"author":[{"embeddable":true,"href":"https:\/\/damiaoecia.com.br\/index.php?rest_route=\/wp\/v2\/users\/1"}],"replies":[{"embeddable":true,"href":"https:\/\/damiaoecia.com.br\/index.php?rest_route=%2Fwp%2Fv2%2Fcomments&post=623"}],"version-history":[{"count":28,"href":"https:\/\/damiaoecia.com.br\/index.php?rest_route=\/wp\/v2\/pages\/623\/revisions"}],"predecessor-version":[{"id":766,"href":"https:\/\/damiaoecia.com.br\/index.php?rest_route=\/wp\/v2\/pages\/623\/revisions\/766"}],"wp:attachment":[{"href":"https:\/\/damiaoecia.com.br\/index.php?rest_route=%2Fwp%2Fv2%2Fmedia&parent=623"}],"curies":[{"name":"wp","href":"https:\/\/api.w.org\/{rel}","templated":true}]}}