{"id":794,"date":"2023-02-03T13:52:17","date_gmt":"2023-02-03T13:52:17","guid":{"rendered":"https:\/\/damiaoecia.com.br\/?page_id=794"},"modified":"2023-02-03T13:55:20","modified_gmt":"2023-02-03T13:55:20","slug":"trupica-coracao","status":"publish","type":"page","link":"https:\/\/damiaoecia.com.br\/?page_id=794","title":{"rendered":"Trupica Cora\u00e7\u00e3o"},"content":{"rendered":"\t\t<div data-elementor-type=\"wp-page\" data-elementor-id=\"794\" class=\"elementor elementor-794\">\n\t\t\t\t\t\t<section class=\"elementor-section elementor-top-section elementor-element elementor-element-9555370 elementor-section-boxed elementor-section-height-default elementor-section-height-default\" data-id=\"9555370\" data-element_type=\"section\">\n\t\t\t\t\t\t<div class=\"elementor-container elementor-column-gap-default\">\n\t\t\t\t\t<div class=\"elementor-column elementor-col-50 elementor-top-column elementor-element elementor-element-e86c2c1\" data-id=\"e86c2c1\" data-element_type=\"column\">\n\t\t\t<div class=\"elementor-widget-wrap elementor-element-populated\">\n\t\t\t\t\t\t<div class=\"elementor-element elementor-element-78dcd7d elementor-widget elementor-widget-image\" data-id=\"78dcd7d\" data-element_type=\"widget\" data-widget_type=\"image.default\">\n\t\t\t\t<div class=\"elementor-widget-container\">\n\t\t\t<style>\/*! elementor - v3.20.0 - 26-03-2024 *\/\n.elementor-widget-image{text-align:center}.elementor-widget-image a{display:inline-block}.elementor-widget-image a img[src$=\".svg\"]{width:48px}.elementor-widget-image img{vertical-align:middle;display:inline-block}<\/style>\t\t\t\t\t\t\t\t\t\t<img fetchpriority=\"high\" decoding=\"async\" width=\"960\" height=\"640\" src=\"https:\/\/damiaoecia.com.br\/wp-content\/uploads\/2023\/02\/20221202_trupicacoracao_damiao_sesc_fotoninapires-299-1024x683.jpg\" class=\"attachment-large size-large wp-image-796\" alt=\"\" srcset=\"https:\/\/damiaoecia.com.br\/wp-content\/uploads\/2023\/02\/20221202_trupicacoracao_damiao_sesc_fotoninapires-299-1024x683.jpg 1024w, https:\/\/damiaoecia.com.br\/wp-content\/uploads\/2023\/02\/20221202_trupicacoracao_damiao_sesc_fotoninapires-299-300x200.jpg 300w, https:\/\/damiaoecia.com.br\/wp-content\/uploads\/2023\/02\/20221202_trupicacoracao_damiao_sesc_fotoninapires-299-768x512.jpg 768w, https:\/\/damiaoecia.com.br\/wp-content\/uploads\/2023\/02\/20221202_trupicacoracao_damiao_sesc_fotoninapires-299-1536x1024.jpg 1536w, https:\/\/damiaoecia.com.br\/wp-content\/uploads\/2023\/02\/20221202_trupicacoracao_damiao_sesc_fotoninapires-299-2048x1365.jpg 2048w, https:\/\/damiaoecia.com.br\/wp-content\/uploads\/2023\/02\/20221202_trupicacoracao_damiao_sesc_fotoninapires-299-1140x760.jpg 1140w\" sizes=\"(max-width: 960px) 100vw, 960px\" \/>\t\t\t\t\t\t\t\t\t\t\t\t\t<\/div>\n\t\t\t\t<\/div>\n\t\t\t\t\t<\/div>\n\t\t<\/div>\n\t\t\t\t<div class=\"elementor-column elementor-col-50 elementor-top-column elementor-element elementor-element-f1f7df1\" data-id=\"f1f7df1\" data-element_type=\"column\">\n\t\t\t<div class=\"elementor-widget-wrap elementor-element-populated\">\n\t\t\t\t\t\t<div class=\"elementor-element elementor-element-bb34251 elementor-widget elementor-widget-image\" data-id=\"bb34251\" data-element_type=\"widget\" data-widget_type=\"image.default\">\n\t\t\t\t<div class=\"elementor-widget-container\">\n\t\t\t\t\t\t\t\t\t\t\t\t\t<img decoding=\"async\" width=\"960\" height=\"640\" src=\"https:\/\/damiaoecia.com.br\/wp-content\/uploads\/2023\/02\/20221202_trupicacoracao_damiao_sesc_fotoninapires-219-1024x683.jpg\" class=\"attachment-large size-large wp-image-797\" alt=\"\" srcset=\"https:\/\/damiaoecia.com.br\/wp-content\/uploads\/2023\/02\/20221202_trupicacoracao_damiao_sesc_fotoninapires-219-1024x683.jpg 1024w, https:\/\/damiaoecia.com.br\/wp-content\/uploads\/2023\/02\/20221202_trupicacoracao_damiao_sesc_fotoninapires-219-300x200.jpg 300w, https:\/\/damiaoecia.com.br\/wp-content\/uploads\/2023\/02\/20221202_trupicacoracao_damiao_sesc_fotoninapires-219-768x512.jpg 768w, https:\/\/damiaoecia.com.br\/wp-content\/uploads\/2023\/02\/20221202_trupicacoracao_damiao_sesc_fotoninapires-219-1536x1024.jpg 1536w, https:\/\/damiaoecia.com.br\/wp-content\/uploads\/2023\/02\/20221202_trupicacoracao_damiao_sesc_fotoninapires-219-2048x1365.jpg 2048w, https:\/\/damiaoecia.com.br\/wp-content\/uploads\/2023\/02\/20221202_trupicacoracao_damiao_sesc_fotoninapires-219-1140x760.jpg 1140w\" sizes=\"(max-width: 960px) 100vw, 960px\" \/>\t\t\t\t\t\t\t\t\t\t\t\t\t<\/div>\n\t\t\t\t<\/div>\n\t\t\t\t\t<\/div>\n\t\t<\/div>\n\t\t\t\t\t<\/div>\n\t\t<\/section>\n\t\t\t\t<section class=\"elementor-section elementor-top-section elementor-element elementor-element-3f2d01c elementor-section-boxed elementor-section-height-default elementor-section-height-default\" data-id=\"3f2d01c\" data-element_type=\"section\">\n\t\t\t\t\t\t<div class=\"elementor-container elementor-column-gap-default\">\n\t\t\t\t\t<div class=\"elementor-column elementor-col-100 elementor-top-column elementor-element elementor-element-d02e28f\" data-id=\"d02e28f\" data-element_type=\"column\">\n\t\t\t<div class=\"elementor-widget-wrap elementor-element-populated\">\n\t\t\t\t\t\t<div class=\"elementor-element elementor-element-f50c64d elementor-widget elementor-widget-text-editor\" data-id=\"f50c64d\" data-element_type=\"widget\" data-widget_type=\"text-editor.default\">\n\t\t\t\t<div class=\"elementor-widget-container\">\n\t\t\t<style>\/*! elementor - v3.20.0 - 26-03-2024 *\/\n.elementor-widget-text-editor.elementor-drop-cap-view-stacked .elementor-drop-cap{background-color:#69727d;color:#fff}.elementor-widget-text-editor.elementor-drop-cap-view-framed .elementor-drop-cap{color:#69727d;border:3px solid;background-color:transparent}.elementor-widget-text-editor:not(.elementor-drop-cap-view-default) .elementor-drop-cap{margin-top:8px}.elementor-widget-text-editor:not(.elementor-drop-cap-view-default) .elementor-drop-cap-letter{width:1em;height:1em}.elementor-widget-text-editor .elementor-drop-cap{float:left;text-align:center;line-height:1;font-size:50px}.elementor-widget-text-editor .elementor-drop-cap-letter{display:inline-block}<\/style>\t\t\t\t<p><span style=\"font-weight: 400;\">Trupica Cora\u00e7\u00e3o \u00e9 um espet\u00e1culo de rua que narra a saga de tr\u00eas personagens dedicados \u00e0 arte popular de rua,\u00a0 Poti, Ceci e Bum. Estes artistas apresentam n\u00fameros para tentar recuperar o cen\u00e1rio, figurinos e apetrechos da pe\u00e7a teatral, Trupica Cora\u00e7\u00e3o, confiscada em pra\u00e7a p\u00fablica por um poder arbitr\u00e1rio e ileg\u00edtimo. Os tr\u00eas se deparam com a incapacidade de representar a pe\u00e7a na \u00edntegra e ter\u00e3o que reinventar as mem\u00f3rias e a representa\u00e7\u00e3o dos epis\u00f3dios, enquanto se luta para sobreviver e fazer arte. Trupica Cora\u00e7\u00e3o inicia com o melodrama em torno da morte do Dom, mestre da arte do circo-teatro e a dificuldade de seus disc\u00edpulos em continuar a tradi\u00e7\u00e3o. Desenvolve-se numa viagem fant\u00e1stica em que os tr\u00eas artistas se desdobram em pap\u00e9is, t\u00e9cnicas e linguagens com base na com\u00e9dia, na farsa, em n\u00fameros de palha\u00e7os e na linguagem dos mimos. E finaliza sem concluir numa reflex\u00e3o po\u00e9tica sobre a condi\u00e7\u00e3o n\u00e1ufraga do artista popular \u00e0 deriva em nossa sociedade.<\/span><\/p>\t\t\t\t\t\t<\/div>\n\t\t\t\t<\/div>\n\t\t\t\t\t<\/div>\n\t\t<\/div>\n\t\t\t\t\t<\/div>\n\t\t<\/section>\n\t\t\t\t<section class=\"elementor-section elementor-top-section elementor-element elementor-element-0e6ceff elementor-section-boxed elementor-section-height-default elementor-section-height-default\" data-id=\"0e6ceff\" data-element_type=\"section\">\n\t\t\t\t\t\t<div class=\"elementor-container elementor-column-gap-default\">\n\t\t\t\t\t<div class=\"elementor-column elementor-col-50 elementor-top-column elementor-element elementor-element-eaa0f44\" data-id=\"eaa0f44\" data-element_type=\"column\">\n\t\t\t<div class=\"elementor-widget-wrap elementor-element-populated\">\n\t\t\t\t\t\t<div class=\"elementor-element elementor-element-c574cec elementor-widget elementor-widget-image\" data-id=\"c574cec\" data-element_type=\"widget\" data-widget_type=\"image.default\">\n\t\t\t\t<div class=\"elementor-widget-container\">\n\t\t\t\t\t\t\t\t\t\t\t\t\t<img decoding=\"async\" width=\"960\" height=\"640\" src=\"https:\/\/damiaoecia.com.br\/wp-content\/uploads\/2023\/02\/20221202_trupicacoracao_damiao_sesc_fotoninapires-73-1-1024x683.jpg\" class=\"attachment-large size-large wp-image-798\" alt=\"\" srcset=\"https:\/\/damiaoecia.com.br\/wp-content\/uploads\/2023\/02\/20221202_trupicacoracao_damiao_sesc_fotoninapires-73-1-1024x683.jpg 1024w, https:\/\/damiaoecia.com.br\/wp-content\/uploads\/2023\/02\/20221202_trupicacoracao_damiao_sesc_fotoninapires-73-1-300x200.jpg 300w, https:\/\/damiaoecia.com.br\/wp-content\/uploads\/2023\/02\/20221202_trupicacoracao_damiao_sesc_fotoninapires-73-1-768x512.jpg 768w, https:\/\/damiaoecia.com.br\/wp-content\/uploads\/2023\/02\/20221202_trupicacoracao_damiao_sesc_fotoninapires-73-1-1536x1024.jpg 1536w, https:\/\/damiaoecia.com.br\/wp-content\/uploads\/2023\/02\/20221202_trupicacoracao_damiao_sesc_fotoninapires-73-1-2048x1365.jpg 2048w, https:\/\/damiaoecia.com.br\/wp-content\/uploads\/2023\/02\/20221202_trupicacoracao_damiao_sesc_fotoninapires-73-1-1140x760.jpg 1140w\" sizes=\"(max-width: 960px) 100vw, 960px\" \/>\t\t\t\t\t\t\t\t\t\t\t\t\t<\/div>\n\t\t\t\t<\/div>\n\t\t\t\t\t<\/div>\n\t\t<\/div>\n\t\t\t\t<div class=\"elementor-column elementor-col-50 elementor-top-column elementor-element elementor-element-4616634\" data-id=\"4616634\" data-element_type=\"column\">\n\t\t\t<div class=\"elementor-widget-wrap elementor-element-populated\">\n\t\t\t\t\t\t<div class=\"elementor-element elementor-element-ee377fc elementor-widget elementor-widget-image\" data-id=\"ee377fc\" data-element_type=\"widget\" data-widget_type=\"image.default\">\n\t\t\t\t<div class=\"elementor-widget-container\">\n\t\t\t\t\t\t\t\t\t\t\t\t\t<img loading=\"lazy\" decoding=\"async\" width=\"960\" height=\"640\" src=\"https:\/\/damiaoecia.com.br\/wp-content\/uploads\/2023\/02\/20221202_trupicacoracao_damiao_sesc_fotoninapires-361-1024x683.jpg\" class=\"attachment-large size-large wp-image-799\" alt=\"\" srcset=\"https:\/\/damiaoecia.com.br\/wp-content\/uploads\/2023\/02\/20221202_trupicacoracao_damiao_sesc_fotoninapires-361-1024x683.jpg 1024w, https:\/\/damiaoecia.com.br\/wp-content\/uploads\/2023\/02\/20221202_trupicacoracao_damiao_sesc_fotoninapires-361-300x200.jpg 300w, https:\/\/damiaoecia.com.br\/wp-content\/uploads\/2023\/02\/20221202_trupicacoracao_damiao_sesc_fotoninapires-361-768x512.jpg 768w, https:\/\/damiaoecia.com.br\/wp-content\/uploads\/2023\/02\/20221202_trupicacoracao_damiao_sesc_fotoninapires-361-1536x1024.jpg 1536w, https:\/\/damiaoecia.com.br\/wp-content\/uploads\/2023\/02\/20221202_trupicacoracao_damiao_sesc_fotoninapires-361-2048x1365.jpg 2048w, https:\/\/damiaoecia.com.br\/wp-content\/uploads\/2023\/02\/20221202_trupicacoracao_damiao_sesc_fotoninapires-361-1140x760.jpg 1140w\" sizes=\"(max-width: 960px) 100vw, 960px\" \/>\t\t\t\t\t\t\t\t\t\t\t\t\t<\/div>\n\t\t\t\t<\/div>\n\t\t\t\t\t<\/div>\n\t\t<\/div>\n\t\t\t\t\t<\/div>\n\t\t<\/section>\n\t\t\t\t<section class=\"elementor-section elementor-top-section elementor-element elementor-element-48f5d4d elementor-section-boxed elementor-section-height-default elementor-section-height-default\" data-id=\"48f5d4d\" data-element_type=\"section\">\n\t\t\t\t\t\t<div class=\"elementor-container elementor-column-gap-default\">\n\t\t\t\t\t<div class=\"elementor-column elementor-col-100 elementor-top-column elementor-element elementor-element-9f67f29\" data-id=\"9f67f29\" data-element_type=\"column\">\n\t\t\t<div class=\"elementor-widget-wrap elementor-element-populated\">\n\t\t\t\t\t\t<div class=\"elementor-element elementor-element-9c007a3 elementor-widget elementor-widget-text-editor\" data-id=\"9c007a3\" data-element_type=\"widget\" data-widget_type=\"text-editor.default\">\n\t\t\t\t<div class=\"elementor-widget-container\">\n\t\t\t\t\t\t\t<h5><b>Ficha t\u00e9cnica:<\/b><\/h5><p><span style=\"font-weight: 400;\"><strong>Dire\u00e7\u00e3o art\u00edstica:<\/strong> K\u00e1tia Daher\u00a0<\/span><\/p><p><span style=\"font-weight: 400;\"><strong>Consultoria de cena e coreografia:<\/strong> Fernando Neves<\/span><\/p><p><span style=\"font-weight: 400;\"><strong>Elenco:<\/strong> Fernanda Jannuzzelli, Lara Prado e Rodrigo Nasser<\/span><\/p><p><span style=\"font-weight: 400;\"><strong>Dramaturgia e Can\u00e7\u00f5es originais:<\/strong> Rogerio Guarapiran\u00a0<\/span><\/p><p><span style=\"font-weight: 400;\"><strong>Arranjo para can\u00e7\u00f5es originais:<\/strong> Arturo Cussen\u00a0<\/span><\/p><p><span style=\"font-weight: 400;\"><strong>Figurino:<\/strong> Bruna Recchia\u00a0<\/span><\/p><p><span style=\"font-weight: 400;\"><strong>Assist\u00eancia de Figurino:<\/strong> Alice Garcia<\/span><\/p><p><span style=\"font-weight: 400;\"><strong>Cenot\u00e9cnica:<\/strong> Cl\u00e1udio Saltini\u00a0<\/span><\/p><p><span style=\"font-weight: 400;\"><strong>Adere\u00e7os:<\/strong> Lara Prado e Rodrigo Nasser<\/span><\/p><p><span style=\"font-weight: 400;\"><strong>Realiza\u00e7\u00e3o:<\/strong> Dami\u00e3o e Cia<\/span><\/p>\t\t\t\t\t\t<\/div>\n\t\t\t\t<\/div>\n\t\t\t\t\t<\/div>\n\t\t<\/div>\n\t\t\t\t\t<\/div>\n\t\t<\/section>\n\t\t\t\t<section class=\"elementor-section elementor-top-section elementor-element elementor-element-8a50765 elementor-section-boxed elementor-section-height-default elementor-section-height-default\" data-id=\"8a50765\" data-element_type=\"section\">\n\t\t\t\t\t\t<div class=\"elementor-container elementor-column-gap-default\">\n\t\t\t\t\t<div class=\"elementor-column elementor-col-100 elementor-top-column elementor-element elementor-element-52e4c81\" data-id=\"52e4c81\" data-element_type=\"column\">\n\t\t\t<div class=\"elementor-widget-wrap elementor-element-populated\">\n\t\t\t\t\t\t<div class=\"elementor-element elementor-element-8be77fa elementor-widget elementor-widget-text-editor\" data-id=\"8be77fa\" data-element_type=\"widget\" data-widget_type=\"text-editor.default\">\n\t\t\t\t<div class=\"elementor-widget-container\">\n\t\t\t\t\t\t\t<pre>Fotografias: Nina Pires<\/pre>\t\t\t\t\t\t<\/div>\n\t\t\t\t<\/div>\n\t\t\t\t\t<\/div>\n\t\t<\/div>\n\t\t\t\t\t<\/div>\n\t\t<\/section>\n\t\t\t\t<\/div>\n\t\t","protected":false},"excerpt":{"rendered":"<p>Trupica Cora\u00e7\u00e3o \u00e9 um espet\u00e1culo de rua que narra a saga de tr\u00eas personagens dedicados \u00e0 arte popular de rua,\u00a0 Poti, Ceci e Bum. Estes artistas apresentam n\u00fameros para tentar recuperar o cen\u00e1rio, figurinos e apetrechos da pe\u00e7a teatral, Trupica Cora\u00e7\u00e3o, confiscada em pra\u00e7a p\u00fablica por um poder arbitr\u00e1rio e ileg\u00edtimo. Os tr\u00eas se deparam com a incapacidade de representar a pe\u00e7a na \u00edntegra e ter\u00e3o que reinventar as mem\u00f3rias e a representa\u00e7\u00e3o dos epis\u00f3dios, enquanto se luta para sobreviver e fazer arte. Trupica Cora\u00e7\u00e3o inicia com o melodrama em torno da morte do Dom, mestre da arte do circo-teatro e a dificuldade de seus disc\u00edpulos em continuar a tradi\u00e7\u00e3o. Desenvolve-se numa viagem fant\u00e1stica em que os tr\u00eas artistas se desdobram em pap\u00e9is, t\u00e9cnicas e linguagens com base na com\u00e9dia, na farsa, em n\u00fameros de palha\u00e7os e na linguagem dos mimos. E finaliza sem concluir numa reflex\u00e3o po\u00e9tica sobre a condi\u00e7\u00e3o n\u00e1ufraga do artista popular \u00e0 deriva em nossa sociedade. Ficha t\u00e9cnica: Dire\u00e7\u00e3o art\u00edstica: K\u00e1tia Daher\u00a0 Consultoria de cena e coreografia: Fernando Neves Elenco: Fernanda Jannuzzelli, Lara Prado e Rodrigo Nasser Dramaturgia e Can\u00e7\u00f5es originais: Rogerio Guarapiran\u00a0 Arranjo para can\u00e7\u00f5es originais: Arturo Cussen\u00a0 Figurino: Bruna Recchia\u00a0 Assist\u00eancia de Figurino: Alice Garcia Cenot\u00e9cnica: Cl\u00e1udio Saltini\u00a0 Adere\u00e7os: Lara Prado e Rodrigo Nasser Realiza\u00e7\u00e3o: Dami\u00e3o e Cia Fotografias: Nina Pires<\/p>\n","protected":false},"author":1,"featured_media":0,"parent":0,"menu_order":0,"comment_status":"closed","ping_status":"closed","template":"","meta":{"om_disable_all_campaigns":false,"_monsterinsights_skip_tracking":false,"_monsterinsights_sitenote_active":false,"_monsterinsights_sitenote_note":"","_monsterinsights_sitenote_category":0,"footnotes":""},"class_list":["post-794","page","type-page","status-publish","hentry"],"aioseo_notices":[],"_links":{"self":[{"href":"https:\/\/damiaoecia.com.br\/index.php?rest_route=\/wp\/v2\/pages\/794","targetHints":{"allow":["GET"]}}],"collection":[{"href":"https:\/\/damiaoecia.com.br\/index.php?rest_route=\/wp\/v2\/pages"}],"about":[{"href":"https:\/\/damiaoecia.com.br\/index.php?rest_route=\/wp\/v2\/types\/page"}],"author":[{"embeddable":true,"href":"https:\/\/damiaoecia.com.br\/index.php?rest_route=\/wp\/v2\/users\/1"}],"replies":[{"embeddable":true,"href":"https:\/\/damiaoecia.com.br\/index.php?rest_route=%2Fwp%2Fv2%2Fcomments&post=794"}],"version-history":[{"count":7,"href":"https:\/\/damiaoecia.com.br\/index.php?rest_route=\/wp\/v2\/pages\/794\/revisions"}],"predecessor-version":[{"id":805,"href":"https:\/\/damiaoecia.com.br\/index.php?rest_route=\/wp\/v2\/pages\/794\/revisions\/805"}],"wp:attachment":[{"href":"https:\/\/damiaoecia.com.br\/index.php?rest_route=%2Fwp%2Fv2%2Fmedia&parent=794"}],"curies":[{"name":"wp","href":"https:\/\/api.w.org\/{rel}","templated":true}]}}